of 524392119?
5
What is the units digit of 280908883?
3
What is the hundreds digit of 137289591?
5
What is the units digit of 270738532?
2
What is the hundreds digit of 334583190?
1
What is the tens digit of 280053383?
8
What is the ten millions digit of 144942962?
4
What is the ten thousands digit of 62673948?
7
What is the thousands digit of 3084265293?
5
What is the units digit of 97626254?
4
What is the units digit of 252990900?
0
What is the hundreds digit of 1065688548?
5
What is the thousands digit of 608476382?
6
What is the millions digit of 4824662219?
4
What is the ten thousands digit of 94366156?
6
What is the ten millions digit of 192579105?
9
What is the units digit of 51391075?
5
What is the ten thousands digit of 63411547?
1
What is the thousands digit of 153860579?
0
What is the hundreds digit of 177581296?
2
What is the hundred thousands digit of 1584773014?
7
What is the ten thousands digit of 47620993?
2
What is the tens digit of 136791954?
5
What is the millions digit of 25562798?
5
What is the hundred millions digit of 156351406?
1
What is the tens digit of 635034829?
2
What is the millions digit of 1225853727?
5
What is the billions digit of 3171180142?
3
What is the ten millions digit of 28879675?
2
What is the ten millions digit of 57645400?
5
What is the ten thousands digit of 624895036?
9
What is the units digit of 1921412041?
1
What is the tens digit of 306819214?
1
What is the tens digit of 45637694?
9
What is the hundreds digit of 4493057323?
3
What is the millions digit of 81533345?
1
What is the ten thousands digit of 1216449077?
4
What is the hundred millions digit of 153131966?
1
What is the hundreds digit of 376206155?
1
What is the hundreds digit of 36393359?
3
What is the ten millions digit of 2225183634?
2
What is the hundred thousands digit of 6857746673?
7
What is the tens digit of 288332541?
4
What is the hundreds digit of 51638330?
3
What is the units digit of 8584726?
6
What is the hundreds digit of 653788746?
7
What is the hundred millions digit of 2512402773?
5
What is the tens digit of 527593724?
2
What is the hundred thousands digit of 1190066572?
0
What is the ten thousands digit of 889072676?
7
What is the hundreds digit of 401179479?
4
What is the ten thousands digit of 2228298?
2
What is the hundred thousands digit of 2434110217?
1
What is the hundred thousands digit of 8547932519?
9
What is the hundred millions digit of 957708983?
9
What is the hundred thousands digit of 1198351248?
3
What is the billions digit of 7123482657?
7
What is the hundred thousands digit of 614674312?
6
What is the ten millions digit of 17567509?
1
What is the thousands digit of 2684902607?
2
What is the hundred millions digit of 1770288697?
7
What is the hundreds digit of 107268426?
4
What is the ten thousands digit of 64667173?
6
What is the millions digit of 647988980?
7
What is the tens digit of 716101602?
0
What is the tens digit of 65695641?
4
What is the millions digit of 15187510?
5
What is the hundred millions digit of 121796592?
1
What is the ten millions digit of 3701908714?
0
What is the ten millions digit of 179341728?
7
What is the millions digit of 1774120554?
4
What is the tens digit of 4553555266?
6
What is the millions digit of 133280891?
3
What is the ten millions digit of 731846105?
3
What is the hundreds digit of 232269180?
1
What is the ten thousands digit of 254063512?
6
What is the thousands digit of 57918837?
8
What is the thousands digit of 227262443?
2
What is the hundred thousands digit of 780148321?
1
What is the ten thousands digit of 280073729?
7
What is the hundreds digit of 412058931?
9
What is the thousands digit of 6900463?
0
What is the hundred millions digit of 4671314213?
6
What is the ten millions digit of 44312931?
4
What is the tens digit of 1039201004?
0
What is the hundred thousands digit of 4673270333?
2
What is the units digit of 141815236?
6
What is the thousands digit of 2085084046?
4
What is the units digit of 36327502?
2
What is the thousands digit of 4731906?
1
What is the ten millions digit of 2841545381?
4
What is the hundred thousands digit of 54344569?
3
What is the tens digit of 8429962692?
9
What is the units digit of 142830908?
8
What is the hundred thousands digit of 3196440389?
4
What is the ten thousands digit of 320285731?
8
What is the thousands digit of 1845255163?
5
What is the millions digit of 835592835?
5
What is the hundred millions digit of 761131630?
7
What is the hundreds digit of 134921042?
0
What is the thousands digit of 2375227789?
7
What is the units digit of 61720225?
5
What is the hundreds digit of 95603358?
3
What is the hundred millions digit of 156188020?
1
What is the hundred thousands digit of 2821824628?
8
What is the billions digit of 1010780431?
1
What is the hundred thousands digit of 55635312?
6
What is the hundred thousands digit of 2232650416?
6
What is the units digit of 199350202?
2
What is the millions digit of 66966021?
6
What is the hundred thousands digit of 1701190341?
1
What is the hundreds digit of 768096269?
2
What is the ten millions digit of 3556397922?
5
What is the tens digit of 9738701?
0
What is the ten millions digit of 42702154?
4
What is the hundreds digit of 134336558?
5
What is the millions digit of 81113607?
1
What is the ten thousands digit of 4216990349?
9
What is the thousands digit of 48724173?
4
What is the millions digit of 77028131?
7
What is the thousands digit of 460861275?
1
What is the ten thousands digit of 356214484?
1
What is the hundred thousands digit of 37352486?
3
What is the ten thousands digit of 602699660?
9
What is the ten thousands digit of 81816176?
1
What is the hundred millions digit of 5221533844?
2
What is the ten millions digit of 2132327152?
3
What is the hundred thousands digit of 91072749?
0
What is the tens digit of 39673881?
8
What is the ten millions digit of 240775069?
4
What is the ten thousands digit of 1272796731?
9
What is the ten millions digit of 101662340?
0
What is the hundred thousands digit of 113732546?
7
What is the hundred thousands digit of 3075033786?
0
What is the millions digit of 964279780?
4
What is the thousands digit of 482039165?
9
What is the ten thousands digit of 1178696479?
9
What is the thousands digit of 1879584678?
4
What is the ten thousands digit of 542353507?
5
What is the thousands digit of 74563317?
3
What is the hundreds digit of 1696150?
1
What is the millions digit of 132785928?
2
What is the hundreds digit of 672994174?
1
What is the hundred thousands digit of 11703498?
7
What is the units digit of 1465704308?
8
What is the ten millions digit of 6979397160?
7
What is the thousands digit of 21362150?
2
What is the thousands digit of 36856208?
6
What is the ten thousands digit of 3962599420?
9
What is the hundreds digit of 476946030?
0
What is the ten millions digit of 1292432532?
9
What is the units digit of 601996556?
6
What is the ten millions digit of 268163154?
6
What is the hundred millions digit of 3348628901?
3
What is the tens digit of 3528503367?
6
What is the tens digit of 132821741?
4
What is the ten thousands digit of 327306695?
0
What is the hundred thousands digit of 269369086?
3
What is the thousands digit of 10430680?
0
What is the units digit of 4167099911?
1
What is the units digit of 588271053?
3
What is the thousands digit of 39467782?
7
What is the ten thousands digit of 8156361570?
6
What is the ten thousands digit of 132294729?
9
What is the millions digit of 101575610?
1
What is the hundred millions digit of 136089339?
1
What is the tens digit of 30806640?
4
What is the ten millions digit of 46234391?
4
What is the hundreds digit of 2091898990?
9
What is the units digit of 8309338?
8
What is the ten millions digit of 131842596?
3
What is the ten thousands digit of 100990740?
9
What is the hundred thousands digit of 6826006?
8
What is the hundred millions digit of 3142935794?
1
What is the tens digit of 66720258?
5
What is the units digit of 1473275694?
4
What is the units digit of 6056343827?
7
What is the units digit of 822309648?
8
What is the millions digit of 203808886?
3
What is the hundreds digit of 37239040?
0
What is the hundred millions digit of 747335689?
7
What is the hundred thousands digit of 3